{"id":13,"date":"2021-05-20T16:46:03","date_gmt":"2021-05-20T16:46:03","guid":{"rendered":"http:\/\/hanoihub.vn\/?page_id=13"},"modified":"2023-07-11T12:19:03","modified_gmt":"2023-07-11T05:19:03","slug":"promotion","status":"publish","type":"page","link":"https:\/\/hanoihub.vn\/?page_id=13","title":{"rendered":"Khuy\u1ebfn m\u00e3i"},"content":{"rendered":"\n  <div class=\"banner has-hover\" id=\"banner-130439595\">\n          <div class=\"banner-inner fill\">\n        <div class=\"banner-bg fill\" >\n            <div class=\"bg fill bg-fill \"><\/div>\n                        <div class=\"overlay\"><\/div>            \n                    <\/div>\n        <div class=\"banner-layers container\">\n            <div class=\"fill banner-link\"><\/div>                <div id=\"text-box-1776070294\" class=\"text-box banner-layer x50 md-x50 lg-x50 y80 md-y80 lg-y80 res-text\">\n                                <div class=\"text dark\">\n              \n              <div class=\"text-inner text-center\">\n                  \n<p><span style=\"font-size: 170%;\"><strong>Khuy\u1ebfn m\u00e3i<\/strong><\/span><\/p>\n              <\/div>\n           <\/div>\n                            \n<style>\n#text-box-1776070294 {\n  width: 61%;\n}\n#text-box-1776070294 .text {\n  font-size: 100%;\n}\n<\/style>\n    <\/div>\n          <\/div>\n      <\/div>\n\n            \n<style>\n#banner-130439595 {\n  padding-top: 301px;\n}\n#banner-130439595 .bg.bg-loaded {\n  background-image: url(https:\/\/hanoihub.vn\/wp-content\/uploads\/2022\/10\/310239012_1350920375440655_6447266532925640994_n1-1024x806.jpg);\n}\n#banner-130439595 .overlay {\n  background-color: rgba(0, 0, 0, 0.43);\n}\n#banner-130439595 .bg {\n  background-position: 33% 36%;\n}\n<\/style>\n  <\/div>\n\n <div class=\"row\"  id=\"row-1788770007\"> \n\t<div id=\"col-1974637189\" class=\"col small-12 large-12\"  >\n\t\t<div class=\"col-inner\"  >\n\t\t\t\n\t\t\t\n<p style=\"text-align: center;\">Khuy\u1ebfn m\u00e3i<\/p>\n<div class=\"title\" style=\"text-align: center;\"><span style=\"font-size: 200%;\">G\u00f3i \u01b0u \u0111\u00e3i khi thu\u00ea ph\u00f2ng t\u00ednh theo gi\u1edd<\/span><\/div>\n\t\t<\/div>\n\t\t\t<\/div>\n\n\t \n\t<div id=\"col-1062935276\" class=\"col medium-4 small-12 large-4\"  >\n\t\t<div class=\"col-inner\"  >\n\t\t\t\n\t\t\t \t<div class=\"box has-hover bo-a  has-hover box-text-bottom\" >\n\n\t\t<div class=\"box-image\" >\n\t\t\t\t\t\t<div class=\"image-cover\" style=\"padding-top:55%;\">\n\t\t\t\t<img width=\"1536\" height=\"2048\" src=\"https:\/\/hanoihub.vn\/wp-content\/uploads\/2021\/05\/97474218_1181825735494843_1103295476783906816_n.jpeg\" class=\"attachment- size-\" alt=\"\" decoding=\"async\" loading=\"lazy\" srcset=\"https:\/\/hanoihub.vn\/wp-content\/uploads\/2021\/05\/97474218_1181825735494843_1103295476783906816_n.jpeg 1536w, https:\/\/hanoihub.vn\/wp-content\/uploads\/2021\/05\/97474218_1181825735494843_1103295476783906816_n-225x300.jpeg 225w, https:\/\/hanoihub.vn\/wp-content\/uploads\/2021\/05\/97474218_1181825735494843_1103295476783906816_n-768x1024.jpeg 768w, https:\/\/hanoihub.vn\/wp-content\/uploads\/2021\/05\/97474218_1181825735494843_1103295476783906816_n-1152x1536.jpeg 1152w\" sizes=\"(max-width: 1536px) 100vw, 1536px\" \/>\t\t\t\t\t\t\t\t\t\t\t<\/div>\n\t\t\t\t\t<\/div>\n\n\t\t<div class=\"box-text text-center\" style=\"background-color:rgb(255, 255, 255);\">\n\t\t\t<div class=\"box-text-inner\">\n\t\t\t\t\n<h4 class=\"entry\"><a href=\"#\">G\u00f3i \u01b0u \u0111\u00e3i khi thu\u00ea ph\u00f2ng t\u00ednh theo gi\u1edd<\/a><\/h4>\n<div class=\"entry-description\">\n<ul>\n<li style=\"text-align: left;\"><span style=\"font-weight: 400;\">G\u00f3i Combo 30h gi\u00e1 2.899.000 VN\u0110, s\u1eed d\u1ee5ng trong 01 Th\u00e1ng\u00a0<\/span><\/li>\n<li>G\u00f3i Combo 100h gi\u00e1 6.666.000 VN\u0110, s\u1eed d\u1ee5ng trong 01 Th\u00e1ng\u00a0<\/li>\n<\/ul>\n<\/div>\n<p>&nbsp;<\/p>\n<a href=\"http:\/\/hanoihub.vn\/?page_id=17\" target=\"_self\" class=\"button primary is-outline lowercase\"  style=\"border-radius:99px;\">\n    <span>\u0110\u1eb7t ngay<\/span>\n  <\/a>\n \t\t\t<\/div>\n\t\t<\/div>\n\t<\/div>\n\t \t\t<\/div>\n\t\t\t<\/div>\n\n\t \n\t<div id=\"col-2042215314\" class=\"col medium-4 small-12 large-4\"  >\n\t\t<div class=\"col-inner\"  >\n\t\t\t\n\t\t\t \t<div class=\"box has-hover bo-a  has-hover box-text-bottom\" >\n\n\t\t<div class=\"box-image\" >\n\t\t\t\t\t\t<div class=\"image-cover\" style=\"padding-top:55%;\">\n\t\t\t\t<img width=\"1242\" height=\"897\" src=\"https:\/\/hanoihub.vn\/wp-content\/uploads\/2022\/10\/z3565533569380_645caa9a7af63af403eb5ac57f095e231-2.jpg\" class=\"attachment- size-\" alt=\"\" decoding=\"async\" loading=\"lazy\" srcset=\"https:\/\/hanoihub.vn\/wp-content\/uploads\/2022\/10\/z3565533569380_645caa9a7af63af403eb5ac57f095e231-2.jpg 1242w, https:\/\/hanoihub.vn\/wp-content\/uploads\/2022\/10\/z3565533569380_645caa9a7af63af403eb5ac57f095e231-2-300x217.jpg 300w, https:\/\/hanoihub.vn\/wp-content\/uploads\/2022\/10\/z3565533569380_645caa9a7af63af403eb5ac57f095e231-2-1024x740.jpg 1024w, https:\/\/hanoihub.vn\/wp-content\/uploads\/2022\/10\/z3565533569380_645caa9a7af63af403eb5ac57f095e231-2-768x555.jpg 768w\" sizes=\"(max-width: 1242px) 100vw, 1242px\" \/>\t\t\t\t\t\t\t\t\t\t\t<\/div>\n\t\t\t\t\t<\/div>\n\n\t\t<div class=\"box-text text-center\" style=\"background-color:rgb(255, 255, 255);\">\n\t\t\t<div class=\"box-text-inner\">\n\t\t\t\t\n<h4 class=\"entry\" style=\"height: 20px;\"><a href=\"#\">G\u00f3i c\u00e1 nh\u00e2n<\/a><\/h4>\n<ul>\n<li>Daily Pass: 80.000 VN\u0110\/ng\u00e0y (\u00e1p d\u1ee5ng th\u1ee9 Hai, th\u1ee9 T\u01b0, th\u1ee9 N\u0103m v\u00e0 th\u1ee9 B\u1ea3y)<\/li>\n<li>Happy Day: 60.000 VN\u0110\/ng\u00e0y (\u00e1p d\u1ee5ng th\u1ee9 Ba v\u00e0 th\u1ee9 N\u0103m)<\/li>\n<li>Happy Night: 50.000 VN\u0110\/t\u1ed1i (\u00e1p d\u1ee5ng t\u1eeb 17:00, th\u1ee9 Hai \u0111\u1ebfn th\u1ee9 B\u1ea3y)<\/li>\n<li>Happy Sunday: 50.000 VN\u0110\/ng\u00e0y (\u00e1p d\u1ee5ng 9:00-17:30 Ch\u1ee7 Nh\u1eadt)<\/li>\n<\/ul>\n<a href=\"http:\/\/hanoihub.vn\/?page_id=17\" target=\"_self\" class=\"button primary is-outline lowercase\"  style=\"border-radius:99px;\">\n    <span>\u0110\u1eb7t ngay<\/span>\n  <\/a>\n \t\t\t<\/div>\n\t\t<\/div>\n\t<\/div>\n\t \t\t<\/div>\n\t\t\t<\/div>\n\n\t <\/div> <div class=\"message-box relative dark\" style=\"padding-top:50px;padding-bottom:50px;\"><div class=\"message-box-bg-image bg-fill fill\" style=\"background-image:url(https:\/\/hanoihub.vn\/wp-content\/uploads\/2022\/07\/25ac858ce4cc26927fdd5-768x1024.jpg);\"><\/div><div class=\"message-box-bg-overlay bg-fill fill\" style=\"background-color:rgba(0, 0, 0, 0.59);\"><\/div><div class=\"container relative\"><div class=\"inner last-reset\"> <div class=\"row align-middle align-center\"  id=\"row-1615085648\"> \n\t<div id=\"col-245235426\" class=\"col medium-9 small-12 large-9\"  >\n\t\t<div class=\"col-inner\"  >\n\t\t\t\n\t\t\t\n<div class=\"media-body\">\n<h3 class=\"title\"><span style=\"font-size: 140%;\">H\u00e3y t\u1ef1 m\u00ecnh tr\u1ea3i nghi\u1ec7m HanoiHub! <\/span><\/h3>\n<div class=\"description\"><span style=\"font-size: 115%;\">T\u00ecm hi\u1ec3u c\u00e1ch ch\u00fang t\u00f4i duy tr\u00ec ch\u1ea5t l\u01b0\u1ee3ng c\u1ee7a m\u00ecnh nh\u01b0 m\u1ed9t kh\u00f4ng gian l\u00e0m vi\u1ec7c chung. <\/span><\/div>\n<\/div>\n\t\t<\/div>\n\t\t\t<\/div>\n\n\t \n\t<div id=\"col-88160300\" class=\"col medium-3 small-12 large-3\"  >\n\t\t<div class=\"col-inner text-center\"  >\n\t\t\t\n\t\t\t <a href=\"tel:0903672904\" target=\"_self\" class=\"button primary is-smaller lowercase\"  style=\"border-radius:99px;\">\n    <span>LI\u00caN H\u1ec6 HOTLINE<\/span>\n  <\/a>\n \t\t<\/div>\n\t\t\t<\/div>\n\n\t <\/div> <\/div><\/div><\/div> \t<div id=\"gap-205393509\" class=\"gap-element clearfix\" style=\"display:block; height:auto;\">\n\t\t\n<style>\n#gap-205393509 {\n  padding-top: 30px;\n}\n<\/style>\n\t<\/div>\n\t\n","protected":false},"excerpt":{"rendered":"","protected":false},"author":1,"featured_media":0,"parent":0,"menu_order":0,"comment_status":"closed","ping_status":"closed","template":"page-transparent-header.php","meta":[],"yoast_head":"<!-- This site is optimized with the Yoast SEO plugin v19.14 - https:\/\/yoast.com\/wordpress\/plugins\/seo\/ -->\n<title>Khuy\u1ebfn m\u00e3i - hanoihub.vn<\/title>\n<meta name=\"robots\" content=\"index, follow, max-snippet:-1, max-image-preview:large, max-video-preview:-1\" \/>\n<link rel=\"canonical\" href=\"https:\/\/hanoihub.vn\/?page_id=13\" \/>\n<meta property=\"og:locale\" content=\"vi_VN\" \/>\n<meta property=\"og:type\" content=\"article\" \/>\n<meta property=\"og:title\" content=\"Khuy\u1ebfn m\u00e3i - hanoihub.vn\" \/>\n<meta property=\"og:url\" content=\"https:\/\/hanoihub.vn\/?page_id=13\" \/>\n<meta property=\"og:site_name\" content=\"hanoihub.vn\" \/>\n<meta property=\"article:modified_time\" content=\"2023-07-11T05:19:03+00:00\" \/>\n<meta name=\"twitter:card\" content=\"summary_large_image\" \/>\n<meta name=\"twitter:label1\" content=\"\u01af\u1edbc t\u00ednh th\u1eddi gian \u0111\u1ecdc\" \/>\n\t<meta name=\"twitter:data1\" content=\"2 ph\u00fat\" \/>\n<script type=\"application\/ld+json\" class=\"yoast-schema-graph\">{\"@context\":\"https:\/\/schema.org\",\"@graph\":[{\"@type\":\"WebPage\",\"@id\":\"https:\/\/hanoihub.vn\/?page_id=13\",\"url\":\"https:\/\/hanoihub.vn\/?page_id=13\",\"name\":\"Khuy\u1ebfn m\u00e3i - hanoihub.vn\",\"isPartOf\":{\"@id\":\"https:\/\/hanoihub.vn\/#website\"},\"datePublished\":\"2021-05-20T16:46:03+00:00\",\"dateModified\":\"2023-07-11T05:19:03+00:00\",\"breadcrumb\":{\"@id\":\"https:\/\/hanoihub.vn\/?page_id=13#breadcrumb\"},\"inLanguage\":\"vi\",\"potentialAction\":[{\"@type\":\"ReadAction\",\"target\":[\"https:\/\/hanoihub.vn\/?page_id=13\"]}]},{\"@type\":\"BreadcrumbList\",\"@id\":\"https:\/\/hanoihub.vn\/?page_id=13#breadcrumb\",\"itemListElement\":[{\"@type\":\"ListItem\",\"position\":1,\"name\":\"Trang ch\u1ee7\",\"item\":\"https:\/\/hanoihub.vn\/\"},{\"@type\":\"ListItem\",\"position\":2,\"name\":\"Khuy\u1ebfn m\u00e3i\"}]},{\"@type\":\"WebSite\",\"@id\":\"https:\/\/hanoihub.vn\/#website\",\"url\":\"https:\/\/hanoihub.vn\/\",\"name\":\"hanoihub.vn\",\"description\":\"M\u1ed9t trang web m\u1edbi s\u1eed d\u1ee5ng WordPress\",\"potentialAction\":[{\"@type\":\"SearchAction\",\"target\":{\"@type\":\"EntryPoint\",\"urlTemplate\":\"https:\/\/hanoihub.vn\/?s={search_term_string}\"},\"query-input\":\"required name=search_term_string\"}],\"inLanguage\":\"vi\"}]}<\/script>\n<!-- \/ Yoast SEO plugin. -->","yoast_head_json":{"title":"Khuy\u1ebfn m\u00e3i - hanoihub.vn","robots":{"index":"index","follow":"follow","max-snippet":"max-snippet:-1","max-image-preview":"max-image-preview:large","max-video-preview":"max-video-preview:-1"},"canonical":"https:\/\/hanoihub.vn\/?page_id=13","og_locale":"vi_VN","og_type":"article","og_title":"Khuy\u1ebfn m\u00e3i - hanoihub.vn","og_url":"https:\/\/hanoihub.vn\/?page_id=13","og_site_name":"hanoihub.vn","article_modified_time":"2023-07-11T05:19:03+00:00","twitter_card":"summary_large_image","twitter_misc":{"\u01af\u1edbc t\u00ednh th\u1eddi gian \u0111\u1ecdc":"2 ph\u00fat"},"schema":{"@context":"https:\/\/schema.org","@graph":[{"@type":"WebPage","@id":"https:\/\/hanoihub.vn\/?page_id=13","url":"https:\/\/hanoihub.vn\/?page_id=13","name":"Khuy\u1ebfn m\u00e3i - hanoihub.vn","isPartOf":{"@id":"https:\/\/hanoihub.vn\/#website"},"datePublished":"2021-05-20T16:46:03+00:00","dateModified":"2023-07-11T05:19:03+00:00","breadcrumb":{"@id":"https:\/\/hanoihub.vn\/?page_id=13#breadcrumb"},"inLanguage":"vi","potentialAction":[{"@type":"ReadAction","target":["https:\/\/hanoihub.vn\/?page_id=13"]}]},{"@type":"BreadcrumbList","@id":"https:\/\/hanoihub.vn\/?page_id=13#breadcrumb","itemListElement":[{"@type":"ListItem","position":1,"name":"Trang ch\u1ee7","item":"https:\/\/hanoihub.vn\/"},{"@type":"ListItem","position":2,"name":"Khuy\u1ebfn m\u00e3i"}]},{"@type":"WebSite","@id":"https:\/\/hanoihub.vn\/#website","url":"https:\/\/hanoihub.vn\/","name":"hanoihub.vn","description":"M\u1ed9t trang web m\u1edbi s\u1eed d\u1ee5ng WordPress","potentialAction":[{"@type":"SearchAction","target":{"@type":"EntryPoint","urlTemplate":"https:\/\/hanoihub.vn\/?s={search_term_string}"},"query-input":"required name=search_term_string"}],"inLanguage":"vi"}]}},"_links":{"self":[{"href":"https:\/\/hanoihub.vn\/index.php?rest_route=\/wp\/v2\/pages\/13"}],"collection":[{"href":"https:\/\/hanoihub.vn\/index.php?rest_route=\/wp\/v2\/pages"}],"about":[{"href":"https:\/\/hanoihub.vn\/index.php?rest_route=\/wp\/v2\/types\/page"}],"author":[{"embeddable":true,"href":"https:\/\/hanoihub.vn\/index.php?rest_route=\/wp\/v2\/users\/1"}],"replies":[{"embeddable":true,"href":"https:\/\/hanoihub.vn\/index.php?rest_route=%2Fwp%2Fv2%2Fcomments&post=13"}],"version-history":[{"count":23,"href":"https:\/\/hanoihub.vn\/index.php?rest_route=\/wp\/v2\/pages\/13\/revisions"}],"predecessor-version":[{"id":892,"href":"https:\/\/hanoihub.vn\/index.php?rest_route=\/wp\/v2\/pages\/13\/revisions\/892"}],"wp:attachment":[{"href":"https:\/\/hanoihub.vn\/index.php?rest_route=%2Fwp%2Fv2%2Fmedia&parent=13"}],"curies":[{"name":"wp","href":"https:\/\/api.w.org\/{rel}","templated":true}]}}